 = t**2 + t - 3. Determine m(q).
3
Suppose 4*z + 4*k - 24 = 0, 4*z - k + 2*k = 12. Let y(o) = 0*o**z - 3*o + o**2 + o**3 - 1 + o + o**2. Give y(-2).
3
Let l = 5 - 1. Let s(k) = l*k + 4*k**2 - 6*k**2 + 0*k**2 - 2 + k**3. Give s(2).
6
Let z(j) be the second derivative of -j**3/6 + j**2/2 + 5*j. What is z(2)?
-1
Suppose w - 4 = -w. Let v be (-1)/2*(-2)/1. Let m(y) = -y + 2 + 0*y - v. Determine m(w).
-1
Let g(a) be the third derivative of -1/24*a**4 - 1/120*a**6 + 0*a + 0 - 1/20*a**5 - 2*a**2 - 1/3*a**3. Calculate g(-2).
-4
Let k(p) = -9*p**3 + 2*p**2 - p. Let f be ((-2)/(-7))/(6/42). Let m = f + -1. Calculate k(m).
-8
Let f(m) = 2*m - 27. Let t be f(11). Let b(h) = -h**2 - 5*h + 5. Give b(t).
5
Let p = -3 + 2. Let b(d) be the second derivative of -3*d**5/20 - d**2/2 + 83*d + 2. Give b(p).
2
Suppose 15 = -j - 5*l, 10 = -4*l - 2. Let n(o) = -o. Give n(j).
0
Let j(x) be the second derivative of x**4/12 + x**3/2 + x**2/2 - 2*x. Let l(r) = r - 11. Let i be l(6). Give j(i).
11
Let c = 10 - 7. Let f = -2 + c. Let t(z) = 3*z**2 - 2 + 0*z**2 - z**2 + 5*z**3 + 3 - 2*z. Give t(f).
6
Let s(l) = -l**3 + l - 1. Let a(g) = 3*g**2. Let y be a(1). Let d(h) = -h**2 - 7 - h**3 + 5 - h + y*h. Let z(k) = 3*d(k) - 4*s(k). What is z(2)?
-2
Let s be 1/(25/(-10)) + 13/(-5). Let y(j) = 3*j**2 + 2*j. What is y(s)?
21
Let z(o) = o**3 - 3*o**2 - 2*o - 4. Let x be (-58)/(-6) + 4/(-6). Let l be 24/x + (-2)/(-6). Suppose 0 = -l*n + 12 - 3. Give z(n).
-10
Let t(z) = 3*z + 8. Let m be t(-3). Let i(v) = -3*v + 1. Calculate i(m).
4
Let s(g) = -1. Let p(b) = -3*b - 2. Let w(t) = p(t) - 3*s(t). Calculate w(3).
-8
Let y be -5*(3 + -2)/(-1). Suppose -6*v - 16 = -2*v. Let r = y + v. Let s(q) = -q**2 - 1. Give s(r).
-2
Let z(m) = -5 - 43*m**2 - 39*m**2 - 43*m**2 + 126*m**2 + 3*m. What is z(-5)?
5
Let y(j) = 3 + 9*j**3 - 3*j**2 - 12*j**3 + 4*j**3 - 5*j. Let o(u) = -u + 9. Let z be o(5). What is y(z)?
-1
Let r(c) = -c**3 + 6*c**2 + 7. Let l(y) = -y**3 + 9*y**2 - 9*y + 14. Let a be l(8). Give r(a).
7
Let v = 17 - 11. Let k(s) = s**2 + 6*s + 5. Let t(i) = 2*i**2 + 12*i + 9. Let x(r) = v*t(r) - 11*k(r). Determine x(-6).
-1
Suppose 0*c - 18 = 3*c. Let j(v) = -v**3 - 5*v**2 + 5*v - 8. Give j(c).
-2
Let o(n) be the third derivative of n**5/30 + n**3/6 + 7*n**2. Determine o(-2).
9
Suppose -8 = -2*j - 2*j, 16 = 5*t + 3*j. Let v(d) = 4*d - 3. Determine v(t).
5
Let u = 9 - 6. Let q(y) be the third derivative of 3/20*y**5 + 0 - 1/6*y**u + 2*y**2 + 0*y - 1/24*y**4. Calculate q(-1).
9
Let t(a) = 8*a**2 + 7*a - 3. Let y(g) = 3*g**2 + 2*g - 1. Let m(w) = -4*t(w) + 11*y(w). Determine m(6).
1
Let o(d) = -2*d + 25. Let n be o(11). Let i(g) = -g**2 - g + 2. Calculate i(n).
-10
Suppose -10*l + 6*l = 0. Let i(f) be the second derivative of f**3/6 + f**2/2 + 2*f. Calculate i(l).
1
Let f(j) be the second derivative of 5*j**3/3 - 2*j**2 - 3*j. Let i(r) = -r + 1. Let w(q) = f(q) + 4*i(q). Calculate w(1).
6
Let b(t) = 3*t + 17. Let v(s) = 5*s + 26. Let h be 4/22 + 168/44. Let r = h - 12. Let k(a) = r*b(a) + 5*v(a). Give k(5).
-1
Let j(x) = -4*x + 3. Let z(m) = -17*m + 13. Let l(v) = 18*j(v) - 4*z(v). Let d(w) = 4*w - 3. Let p(u) = 6*d(u) + 7*l(u). Determine p(-3).
8
Let l(k) = -k**2 - 4*k - 1. Suppose 0*b = 4*b - 20. Let v(g) = -b*g - g**3 + 4*g**2 + 0*g**2 - 3 + 6. Let r be v(3). What is l(r)?
2
Let t(v) = v**3 + 10*v**2 - 13*v - 9. Suppose 3*s + f = -29, -s + 2*s - 5*f + 31 = 0. Determine t(s).
13
Let k(p) = p**2 + 8*p + 9. Let s = 57 + -65. Give k(s).
9
Let r(p) = p**3 - 16 - 5*p**2 + 3*p + 9 + 5. Calculate r(4).
-6
Suppose 0 = -n + 5*v + 15, -v = -3*n + 2*v + 9. Suppose 0 = -2*x - n*x + 8. Let l(q) = 7 - q**2 - q - 3*q**3 + x*q**3 - 3. Calculate l(0).
4
Let i(y) be the third derivative of y**9/60480 - y**8/4032 + y**7/1008 + y**6/240 - y**5/15 + 7*y**2. Let n(z) be the third derivative of i(z). Determine n(4).
7
Suppose -o + 5*o = 16. Suppose -4*z = 4*w - 12, 0 = 5*w + 4*z - 10 - 9. Let n = w - o. Let k(x) = x**3 - 4*x**2 + 2*x + 2. Determine k(n).
-1
Let n = -22 + 24. Let p(x) = -11*x**3 + 13*x**2 - 4*x + 9. Let j(l) = 5*l**3 - 6*l**2 + 2*l - 4. Let v(b) = 9*j(b) + 4*p(b). Give v(n).
4
Let x(q) = -1 + q - 2 - 1. Let z = -8 - -13. Let k be 3*2/6*z. Calculate x(k).
1
Let b(d) = -5*d**2 - 3*d + 3 + 1 + 14*d + d**3 - 14*d. What is b(5)?
-11
Let k(a) = -a**3 + 7*a**2 - 2*a - 1. Let c(o) = o**3 - 6*o**2 + 2*o. Let w(b) = -3*c(b) - 2*k(b). What is w(4)?
-6
Let z(q) = 1 + 8 + 5*q + 0. Let w(x) = -6*x - 10. Let n(j) = 2*w(j) + 3*z(j). Suppose 0 = -6*r + 2*r - 20. What is n(r)?
-8
Let q(g) = -g**2 + 5*g. Suppose -2*z = o - 5, -o - 3*o - 5 = 3*z. Give q(z).
0
Let o(w) = -4*w**2 + 13*w - 1. Let b be -5 + -2 + 2 + -2. Let k(x) = -14*x**2 + 17*x**2 + 19*x - 9*x**2 - 2. Let f(p) = b*o(p) + 5*k(p). Calculate f(2).
-3
Let w(s) = s**3 - 5*s**2 + 2*s - 4. Let y be w(5). Let t(b) = -y*b + 4*b - b. Let j be 2*-2*6/(-8). Calculate t(j).
-9
Suppose -5*w - 25 - 5 = 0. Let p be w/(1*(3 - 5)). Let f(v) = -v**2 + 2*v. Determine f(p).
-3
Let h(u) = -u**3 + 2*u**2 + 4*u. Let p be h(3). Let b(r) = -r**3 + 3*r**2 - 2*r + 3. Calculate b(p).
-3
Let i(a) = -a - 2. Let d(w) = 5*w + 10. Let b(c) = 2*d(c) + 11*i(c). Let h(k) = k**2 - 6*k - 4. Let y be h(7). Give b(y).
-5
Let u(h) = 54*h - 104*h + 8 + 47*h - h**2. What is u(-6)?
-10
Let n(m) be the third derivative of -m**4/24 + m**3/3 + 2*m**2. What is n(6)?
-4
Let k(a) = -2*a**3 - a**2. Let s = -142 - -141. Give k(s).
1
Let j(b) be the third derivative of -b**4/24 + 3*b**3/2 + 28*b**2. Give j(8).
1
Let j(q) = 4*q. Suppose 5 = 3*r - 3*p - 1, -3*p = -4*r + 8. Determine j(r).
8
Let c(i) = -i. Let f(w) = -w**2 + 8*w - 2. Let y(k) = -6*c(k) - f(k). Suppose r - 4*n + 6*n = 11, -4*r = n - 16. What is y(r)?
5
Let z(t) = t**3 + 9*t**2 - 9*t + 11. Let g be z(-10). Let i be g/(2/(6 + -2)). Let p(h) = i + h - 8 - 4. Determine p(0).
-10
Let m(v) = -v - 2. Let c be m(-6). Let i(n) = -2*n + n**3 - 1 - 2*n**2 + c*n - 6*n. Suppose 4*y = 3*y + 3. Determine i(y).
-4
Let w(t) = 22*t**2 - 23*t**2 + 0*t - 6 + 3*t. Suppose 13 = 3*p + y, -2*p + 9 = -y + 2. Give w(p).
-10
Let z(y) = 14*y + 2 + 0 - 12*y. What is z(-4)?
-6
Let n(r) = r**2 - 5*r + 4. Let u = -8 + 18. Suppose -2*c = 2*w - 5 - 3, w - u = 5*c. Calculate n(w).
4
Let q(b) = -b - 1. Let v = 113 - 114. Calculate q(v).
0
Suppose 0 = 28*l - 32*l + 24. Let r(h) = 4*h**3 + 25*h**2 + 9*h - 12. Let d(w) = w**3 + 8*w**2 + 3*w - 4. Let a(b) = -7*d(b) + 2*r(b). Calculate a(l).
-14
Suppose -2*o + 6*o = 20. Let m(v) be the first derivative of v**4/4 - 5*v**3/3 + v**2/2 - 5*v - 28. Determine m(o).
0
Suppose 0 = -b - 4*b + 10. Let c(w) = -w**2 - w + 1. Calculate c(b).
-5
Suppose 8 = -4*t - 4. Let s(z) = 2*z - 3. Calculate s(t).
-9
Let f(c) = -2*c - 2. Suppose -3 = -i + 2*y - y, -5 = -2*i + 3*y. Calculate f(i).
-10
Suppose 2 = 4*v + 6. Let k(u) be the second derivative of -u**5/20 - u**3/2 + 4*u. Let a(y) be the second derivative of k(y). Determine a(v).
6
Let t(o) = 3 - 2*o + 3*o + 1. Let x(u) = u**2 - 2*u - 8. Let b be x(7). Suppose f = -1, b - 2 = -5*g - 5*f. Calculate t(g).
0
Let c(i) = i**3 + i - 1. Let q be 5/(-3) - (-2)/(-6). Calculate c(q).
-11
Let d be (-44)/4*(-2)/2. Let z(p) = p**3 - 8*p**2 + p - 2. Let b be z(8). Let v = d - b. Let l(g) = g**2 - 5*g - 6. Give l(v).
-6
Let d(s) = -s**3 + 3*s**2 + 2*s + 3. Let u = 104 + -100. Give d(u).
-5
Suppose -2*p + y = 4*y - 7, -3*p = 3*y - 6. Let k(w) be the third derivative of w**5/30 - w**4/12 - w**3/6 - 3*w**2. Give k(p).
3
Let q(a) be the first derivative of a**4/4 - 2*a**3 - 3*a**2/2 + a - 13. What is q(6)?
-17
Suppose -7 = -4*j + 13. Let f(k) = k**2 - 6*k - j + 9 + 0. What is f(6)?
4
Let v(c) = -7*c. Let k(o) = -6*o. Let h(n) = -5*k(n) + 4*v(n). Calculate h(-2).
-4
Let b = -19 + 20. Let z(v) = 8*v**3 + v**2 - 2*v + 1. Calculate z(b).
8
Let h(s) = -s**3 - 3*s**2 + 3*s + 2. Let r be h(-3). Let t(y) = 3*y**2 + 16*y - 13. Let f(q) = -q**2 - 5*q + 4. Let b(l) = r*f(l) - 2*t(l). Calculate b(-5).
8
Suppose 0 = 3*s + 2*s - 2*l - 2, 3*s + 14 = 5*l. Suppose -4*h = 2*r, 2*h + s*r = 3*h - 5. Let i(x) = -16*x**2 + x - 1. Give i(h).
-16
Let z(f) be the second derivative of -f**4/12 + 2*f**3/3 + 5*f**2/2 + 9*f. Calculate z(5).
0
Let i(v) = v. Let l be i(3). Suppose m - l*j = -2 - 2, -4*j = 3*m - 14. Let h(t) = -2*t**2 + 2*t + 2. G